ide 2730?
True
Does 146 divide 20385?
False
Does 21 divide 10592?
False
Does 52 divide 180?
False
Is 1484 a multiple of 3?
False
Is 6740 a multiple of 10?
True
Does 284 divide 12315?
False
Does 4 divide 4456?
True
Is 82 a factor of 4409?
False
Is 23 a multiple of 20?
False
Does 8 divide 2980?
False
Is 11 a factor of 76791?
True
Does 15 divide 517?
False
Is 5644 a multiple of 6?
False
Does 42 divide 16321?
False
Is 24 a factor of 1913?
False
Is 355 a multiple of 5?
True
Is 10 a multiple of 10?
True
Does 97 divide 1261?
True
Is 33 a factor of 10098?
True
Is 752 a multiple of 47?
True
Does 3 divide 5307?
True
Is 1334 a multiple of 5?
False
Is 8 a factor of 1056?
True
Is 5 a factor of 363?
False
Does 153 divide 33048?
True
Does 21 divide 127?
False
Does 45 divide 98?
False
Does 19 divide 665?
True
Does 22 divide 10736?
True
Is 15029 a multiple of 81?
False
Does 261 divide 171216?
True
Does 22 divide 115104?
True
Is 27 a factor of 11223?
False
Is 212 a factor of 6879?
False
Is 20618 a multiple of 13?
True
Is 90 a factor of 16380?
True
Is 57592 a multiple of 23?
True
Is 16 a factor of 208?
True
Is 10 a factor of 2220?
True
Does 4 divide 22588?
True
Does 20 divide 380?
True
Is 5 a factor of 159?
False
Is 18590 a multiple of 65?
True
Does 18 divide 3168?
True
Is 8 a factor of 15776?
True
Does 44 divide 1408?
True
Is 210 a multiple of 10?
True
Does 80 divide 3200?
True
Is 12 a factor of 1320?
True
Does 21 divide 2205?
True
Is 2 a factor of 193?
False
Does 16 divide 384?
True
Does 39 divide 16995?
False
Is 24776 a multiple of 163?
True
Is 10 a factor of 2960?
True
Is 49 a factor of 21168?
True
Is 26 a factor of 5850?
True
Is 8674 a multiple of 13?
False
Is 5 a factor of 5430?
True
Is 60201 a multiple of 178?
False
Does 14 divide 1400?
True
Is 100 a multiple of 20?
True
Is 3 a factor of 314?
False
Does 18 divide 19224?
True
Does 3 divide 2019?
True
Is 5678 a multiple of 10?
False
Is 29184 a multiple of 256?
True
Does 27 divide 2813?
False
Is 3126 a multiple of 6?
True
Does 6 divide 7421?
False
Is 159 even?
False
Is 29 a factor of 93104?
False
Is 23 a factor of 29091?
False
Is 7 a factor of 245?
True
Does 16 divide 928?
True
Does 53 divide 13356?
True
Is 40 a factor of 5389?
False
Is 471 a multiple of 5?
False
Does 103 divide 356?
False
Does 28 divide 1135?
False
Is 35525 a multiple of 10?
False
Is 68 a factor of 3060?
True
Is 20 a factor of 1261?
False
Is 4885 a multiple of 9?
False
Is 51 a factor of 843?
False
Is 20 a factor of 420?
True
Is 640 a multiple of 64?
True
Is 78927 a multiple of 60?
False
Is 2139 a multiple of 31?
True
Is 3633 a multiple of 3?
True
Does 8 divide 313?
False
Does 14 divide 405?
False
Does 49 divide 9558?
False
Does 9 divide 40383?
True
Does 16 divide 2626?
False
Is 114 a factor of 60376?
False
Does 2 divide 285?
False
Does 80 divide 71680?
True
Does 14 divide 8251?
False
Is 29 a factor of 2523?
True
Is 29 a factor of 114?
False
Does 12 divide 783?
False
Is 67 a factor of 14941?
True
Is 15 a factor of 55395?
True
Does 38 divide 543?
False
Is 785 a multiple of 81?
False
Is 72 a factor of 270?
False
Is 15809 a multiple of 49?
False
Does 28 divide 1722?
False
Is 11 a factor of 5025?
False
Is 62 a factor of 2659?
False
Is 21 a factor of 861?
True
Is 11 a factor of 589?
False
Is 12670 a multiple of 22?
False
Does 166 divide 2490?
True
Is 1188 a multiple of 44?
True
Does 4 divide 663?
False
Is 4159 a multiple of 7?
False
Is 6 a factor of 12366?
True
Is 7215 a multiple of 68?
False
Does 13 divide 2431?
True
Is 35734 a multiple of 199?
False
Is 47 a factor of 3709?
False
Is 16 a factor of 6816?
True
Does 47 divide 677?
False
Is 55 a factor of 16060?
True
Is 209 a factor of 16720?
True
Does 11 divide 10540?
False
Is 15 a multiple of 15?
True
Is 2849 a multiple of 7?
True
Is 24 a factor of 602?
False
Is 16 a factor of 15148?
False
Does 39 divide 366?
False
Is 1323 a multiple of 63?
True
Does 40 divide 35440?
True
Is 60 a factor of 711?
False
Is 76498 a multiple of 23?
True
Is 71 a factor of 29867?
False
Is 15000 a multiple of 75?
True
Is 66747 a multiple of 38?
False
Is 120 a multiple of 9?
False
Is 216 even?
True
Is 18 a factor of 3870?
True
Is 7367 a multiple of 155?
False
Is 3420 a multiple of 45?
True
Does 17 divide 11275?
False
Is 26 a factor of 10608?
True
Does 173 divide 9394?
False
Is 730 a multiple of 41?
False
Does 5 divide 685?
True
Is 13 a factor of 6110?
True
Does 12 divide 245?
False
Does 5 divide 865?
True
Is 4347 a multiple of 63?
True
Does 45 divide 2206?
False
Does 41 divide 199219?
True
Is 1472 a multiple of 46?
True
Does 18 divide 332?
False
Is 12 a factor of 396?
True
Does 11 divide 143?
True
Is 79 a factor of 948?
True
Does 54 divide 550?
False
Does 8 divide 640?
True
Is 16400 a multiple of 205?
True
Is 24 a factor of 2040?
True
Is 8 a factor of 1752?
True
Is 10587 a multiple of 14?
False
Is 28 a factor of 448?
True
Is 14 a factor of 1190?
True
Is 3 a factor of 10576?
False
Does 34 divide 6469?
False
Is 6 a factor of 454?
False
Is 15366 a multiple of 34?
False
Is 7 a factor of 121?
False
Does 7 divide 29876?
True
Does 5 divide 717?
False
Does 94 divide 3325?
False
Is 30606 a multiple of 3?
True
Does 26 divide 2268?
False
Is 2704 a multiple of 157?
False
Is 10185 a multiple of 7?
True
Does 44 divide 1242?
False
Does 165 divide 56886?
False
Is 93 a factor of 4557?
True
Does 48 divide 3216?
True
Does 9 divide 2268?
True
Does 84 divide 588?
True
Is 10 a factor of 11276?
False
Is 13 a factor of 13585?
True
Is 12 a factor of 380?
False
Does 13 divide 6162?
True
Is 3231 a multiple of 9?
True
Is 24 a factor of 6561?
False
Is 86 a factor of 344?
True
Does 22 divide 9058?
False
Is 9 a factor of 6111?
True
Is 25 a factor of 1750?
True
Is 10566 a multiple of 6?
True
Does 37 divide 16169?
True
Does 188 divide 29516?
True
Does 82 divide 2460?
True
Does 43 divide 69712?
False
Does 37 divide 1887?
True
Does 8 divide 408?
True
Does 17 divide 1360?
True
Is 15 a factor of 11250?
True
Is 7440 a multiple of 40?
True
Does 11 divide 12088?
False
Does 72 divide 8640?
True
Is 2 a factor of 76?
True
Does 8 divide 3926?
False
Is 12 a factor of 192?
True
Is 89 a factor of 2403?
True
Is 5 a factor of 1126?
False
Does 77 divide 616?
True
Is 22 a factor of 40986?
True
Is 16 a factor of 240?
True
Is 46 a factor of 782?
True
Does 10 divide 150?
True
Does 14 divide 574?
True
Does 8 divide 767?
False
Does 23 divide 1265?
True
Does 21 divide 603?
False
Is 15 a factor of 13049?
False
Does 14 divide 16940?
True
Is 17 a factor of 696?
False
Is 22 a factor of 616?
True
Is 17391 a multiple of 31?
True
Is 9443 a multiple of 126?
False
Is 1206 a multiple of 27?
False
Is 755 a multiple of 22?
False
Is 3288 a multiple of 6?
True
Is 46148 a multiple of 139?
True
Does 3 divide 126?
True
Does 14 divide 19922?
True
Is 4814 a multiple of 68?
False
Is 64495 a multiple of 72?
False
Does 10 divide 436?
False
Is 7 a factor of 21238?
True
Is 23 a factor of 166040?
False
Is 4032 a multiple of 28?
True
Is 2 a factor of 3376?
True
Is 7652 a multiple of 5?
False
Is 26702 a multiple of 59?
False
Is 912 a multiple of 38?
True
Is 2 a factor of 44?
True
Is 6 a factor of 46?
False
Is 645 a multiple of 3?
True
Does 9 divide 102?
False
Is 112 a factor of 10864?
True
Is 18 a factor of 2976?
False
Is 2 a factor of 837?
False
Does 19 divide 1280?
False
Is 19 a factor of 4294?
True
Is 86 a factor of 3009?
False
Is 29 a multiple of 5?
False
Is 189 a factor of 26649?
True
Does 26 divide 67054?
True
Is 2 a factor of 288?
True
Does 21 divide 174069?
True
Is 18 a factor of 450?
True
Is 4 a factor of 394?
False
Is 3291 a multiple of 3?
True
Is 236 a multiple of 4?
True
Is 13248 a multiple of 72?
True
Is 434 a multiple of 14?
True
Is 11499 a multiple of 31?
False
Is 281 a factor of 28662?
True
Is 11 a factor of 14264?
False
Is 287 a multiple of 7?
True
Is 90 a factor of 933?
False
Is 9428 a multiple of 2?
True
Does 20 divide 1029?
False
Is 194 a multiple of 39?
False
Does 246 divide 61500?
True
Is 41 a factor of 27503?
False
Is 2036 a multiple of 10?
False
Is 4413 a multiple of 6?
False
Is 540 a multiple of 5?
True
Does 15 divide 3745?
False
Is 10413 a multiple of 117?
True
Is 54 a multiple of 27?
True
Is 2086 a multiple of 8?
False
Is 7 a factor of 15444?
False
Does 28 divide 13048?
Tru